{"id":6826,"date":"2016-09-06T08:25:53","date_gmt":"2016-09-06T06:25:53","guid":{"rendered":"http:\/\/www.tradmotion.at\/tradneu\/?post_type=product&#038;p=6826"},"modified":"2023-10-25T09:19:42","modified_gmt":"2023-10-25T08:19:42","slug":"hermann-haertels-lustige-streiche-ii","status":"publish","type":"product","link":"https:\/\/www.tradmotion.at\/tradneu\/produkt\/hermann-haertels-lustige-streiche-ii\/","title":{"rendered":"Hermann H\u00e4rtels &#8222;Lustige Streiche II&#8220;"},"content":{"rendered":"<p><strong>Tanzmusik f\u00fcr Streicherensemble<\/strong><\/p>\n<p>Das ist Tanzmusik pur f\u00fcr das Streicherensemble (als Partitur und mit allen Einzelstimmen) die schon lange im Angebot gefehlt hat. Ein Repertoire f\u00fcr das lustvolle Musizieren in der Musikschule und in der Familie. Mit Heft 2 setzt der Autor die Reihe fort und eines ist sicher: F\u00fcr weiteren Nachschub ist gesorgt\u2026<\/p>\n<p>In diesem Heft: Dem schwungvollen \u201eMariehre Walzer\u201c folgt eine rasante Polka mit dem Titel \u201eVielfalt\u201c. Dann reiht sich die sehr anmutige Mazurka \u201eNur a bisserl\u201c an die Mariazeller \u201eLebzelt Steirer\u201c. Zum Schluss aber werden mit der \u201eTheresien Franze\u201c die allersch\u00f6nsten Melodien h\u00f6rbar. Da hacken und fliegen die B\u00f6gen, mitunter schl\u00e4gt ein ungehorsamer Fu\u00df die Eins mit. Endlich Spannung im Streichquartett &#8211; vom ersten bis zum letzten Ton. Ein Lustspiel f\u00fcr Jung und Alt.<\/p>\n<p>4 Tanzmusikst\u00fccke und ein Steirer<\/p>\n<p>PARTITUR UND EINZELSTIMMEN F\u00dcR :<\/p>\n<p>Streichquintett (2 Violinen, Viola\/Violine, Violoncello, Kontrabass\/Violoncello)<\/p>\n<p>Streichquartett (2 Violinen, Viola\/Violine, Kontrabass\/Violoncello)<\/p>\n<p>Streichtrio (2 Violinen, Kontrabass\/Violoncello)<\/p>\n<p>Streichduo (2 Violinen)<\/p>\n","protected":false},"excerpt":{"rendered":"<p>Tanzmusik f\u00fcr Streicherensemble Das ist Tanzmusik pur f\u00fcr das Streicherensemble (als Partitur und mit allen Einzelstimmen) die schon lange im Angebot gefehlt hat. Ein Repertoire f\u00fcr das lustvolle Musizieren in der Musikschule und in der Familie. Mit Heft 2 setzt der Autor die Reihe fort und eines ist sicher: F\u00fcr weiteren Nachschub ist gesorgt\u2026 In diesem Heft: Dem schwungvollen \u201eMariehre [&hellip;]<\/p>\n","protected":false},"featured_media":6834,"comment_status":"open","ping_status":"closed","template":"","meta":{"_monsterinsights_skip_tracking":false,"_monsterinsights_sitenote_active":false,"_monsterinsights_sitenote_note":"","_monsterinsights_sitenote_category":0},"product_brand":[],"product_cat":[164],"product_tag":[],"class_list":{"0":"post-6826","1":"product","2":"type-product","3":"status-publish","4":"has-post-thumbnail","6":"product_cat-unkategorisiert","8":"first","9":"instock","10":"shipping-taxable","11":"purchasable","12":"product-type-simple"},"yoast_head":"<!-- This site is optimized with the Yoast SEO plugin v27.3 - https:\/\/yoast.com\/product\/yoast-seo-wordpress\/ -->\n<title>Hermann H\u00e4rtels &quot;Lustige Streiche II&quot; | Tradmotion<\/title>\n<meta name=\"robots\" content=\"index, follow, max-snippet:-1, max-image-preview:large, max-video-preview:-1\" \/>\n<link rel=\"canonical\" href=\"https:\/\/www.tradmotion.at\/tradneu\/produkt\/hermann-haertels-lustige-streiche-ii\/\" \/>\n<meta property=\"og:locale\" content=\"de_DE\" \/>\n<meta property=\"og:type\" content=\"article\" \/>\n<meta property=\"og:title\" content=\"Hermann H\u00e4rtels &quot;Lustige Streiche II&quot; | Tradmotion\" \/>\n<meta property=\"og:description\" content=\"Tanzmusik f\u00fcr Streicherensemble Das ist Tanzmusik pur f\u00fcr das Streicherensemble (als Partitur und mit allen Einzelstimmen) die schon lange im Angebot gefehlt hat. Ein Repertoire f\u00fcr das lustvolle Musizieren in der Musikschule und in der Familie. Mit Heft 2 setzt der Autor die Reihe fort und eines ist sicher: F\u00fcr weiteren Nachschub ist gesorgt\u2026 In diesem Heft: Dem schwungvollen \u201eMariehre [&hellip;]\" \/>\n<meta property=\"og:url\" content=\"https:\/\/www.tradmotion.at\/tradneu\/produkt\/hermann-haertels-lustige-streiche-ii\/\" \/>\n<meta property=\"og:site_name\" content=\"Tradmotion\" \/>\n<meta property=\"article:modified_time\" content=\"2023-10-25T08:19:42+00:00\" \/>\n<meta property=\"og:image\" content=\"https:\/\/www.tradmotion.at\/tradneu\/wp-content\/uploads\/01-Lustige-Streiche-2-U1-MINI.jpg\" \/>\n\t<meta property=\"og:image:width\" content=\"333\" \/>\n\t<meta property=\"og:image:height\" content=\"480\" \/>\n\t<meta property=\"og:image:type\" content=\"image\/jpeg\" \/>\n<meta name=\"twitter:label1\" content=\"Gesch\u00e4tzte Lesezeit\" \/>\n\t<meta name=\"twitter:data1\" content=\"1\u00a0Minute\" \/>\n<script type=\"application\/ld+json\" class=\"yoast-schema-graph\">{\"@context\":\"https:\\\/\\\/schema.org\",\"@graph\":[{\"@type\":\"WebPage\",\"@id\":\"https:\\\/\\\/www.tradmotion.at\\\/tradneu\\\/produkt\\\/hermann-haertels-lustige-streiche-ii\\\/\",\"url\":\"https:\\\/\\\/www.tradmotion.at\\\/tradneu\\\/produkt\\\/hermann-haertels-lustige-streiche-ii\\\/\",\"name\":\"Hermann H\u00e4rtels \\\"Lustige Streiche II\\\" | Tradmotion\",\"isPartOf\":{\"@id\":\"https:\\\/\\\/www.tradmotion.at\\\/tradneu\\\/#website\"},\"primaryImageOfPage\":{\"@id\":\"https:\\\/\\\/www.tradmotion.at\\\/tradneu\\\/produkt\\\/hermann-haertels-lustige-streiche-ii\\\/#primaryimage\"},\"image\":{\"@id\":\"https:\\\/\\\/www.tradmotion.at\\\/tradneu\\\/produkt\\\/hermann-haertels-lustige-streiche-ii\\\/#primaryimage\"},\"thumbnailUrl\":\"https:\\\/\\\/www.tradmotion.at\\\/tradneu\\\/wp-content\\\/uploads\\\/01-Lustige-Streiche-2-U1-MINI.jpg\",\"datePublished\":\"2016-09-06T06:25:53+00:00\",\"dateModified\":\"2023-10-25T08:19:42+00:00\",\"breadcrumb\":{\"@id\":\"https:\\\/\\\/www.tradmotion.at\\\/tradneu\\\/produkt\\\/hermann-haertels-lustige-streiche-ii\\\/#breadcrumb\"},\"inLanguage\":\"de\",\"potentialAction\":[{\"@type\":\"ReadAction\",\"target\":[\"https:\\\/\\\/www.tradmotion.at\\\/tradneu\\\/produkt\\\/hermann-haertels-lustige-streiche-ii\\\/\"]}]},{\"@type\":\"ImageObject\",\"inLanguage\":\"de\",\"@id\":\"https:\\\/\\\/www.tradmotion.at\\\/tradneu\\\/produkt\\\/hermann-haertels-lustige-streiche-ii\\\/#primaryimage\",\"url\":\"https:\\\/\\\/www.tradmotion.at\\\/tradneu\\\/wp-content\\\/uploads\\\/01-Lustige-Streiche-2-U1-MINI.jpg\",\"contentUrl\":\"https:\\\/\\\/www.tradmotion.at\\\/tradneu\\\/wp-content\\\/uploads\\\/01-Lustige-Streiche-2-U1-MINI.jpg\",\"width\":\"333\",\"height\":\"480\"},{\"@type\":\"BreadcrumbList\",\"@id\":\"https:\\\/\\\/www.tradmotion.at\\\/tradneu\\\/produkt\\\/hermann-haertels-lustige-streiche-ii\\\/#breadcrumb\",\"itemListElement\":[{\"@type\":\"ListItem\",\"position\":1,\"name\":\"Home\",\"item\":\"https:\\\/\\\/www.tradmotion.at\\\/tradneu\\\/\"},{\"@type\":\"ListItem\",\"position\":2,\"name\":\"Shop\",\"item\":\"https:\\\/\\\/www.tradmotion.at\\\/tradneu\\\/shop\\\/\"},{\"@type\":\"ListItem\",\"position\":3,\"name\":\"Hermann H\u00e4rtels &#8222;Lustige Streiche II&#8220;\"}]},{\"@type\":\"WebSite\",\"@id\":\"https:\\\/\\\/www.tradmotion.at\\\/tradneu\\\/#website\",\"url\":\"https:\\\/\\\/www.tradmotion.at\\\/tradneu\\\/\",\"name\":\"Tradmotion\",\"description\":\"Tradition &amp; Emotion\",\"publisher\":{\"@id\":\"https:\\\/\\\/www.tradmotion.at\\\/tradneu\\\/#organization\"},\"potentialAction\":[{\"@type\":\"SearchAction\",\"target\":{\"@type\":\"EntryPoint\",\"urlTemplate\":\"https:\\\/\\\/www.tradmotion.at\\\/tradneu\\\/?s={search_term_string}\"},\"query-input\":{\"@type\":\"PropertyValueSpecification\",\"valueRequired\":true,\"valueName\":\"search_term_string\"}}],\"inLanguage\":\"de\"},{\"@type\":\"Organization\",\"@id\":\"https:\\\/\\\/www.tradmotion.at\\\/tradneu\\\/#organization\",\"name\":\"Tradmotion\",\"url\":\"https:\\\/\\\/www.tradmotion.at\\\/tradneu\\\/\",\"logo\":{\"@type\":\"ImageObject\",\"inLanguage\":\"de\",\"@id\":\"https:\\\/\\\/www.tradmotion.at\\\/tradneu\\\/#\\\/schema\\\/logo\\\/image\\\/\",\"url\":\"http:\\\/\\\/www.tradmotion.at\\\/tradneu\\\/wp-content\\\/uploads\\\/cropped-Logo_Tradmotion_red.png\",\"contentUrl\":\"http:\\\/\\\/www.tradmotion.at\\\/tradneu\\\/wp-content\\\/uploads\\\/cropped-Logo_Tradmotion_red.png\",\"width\":512,\"height\":512,\"caption\":\"Tradmotion\"},\"image\":{\"@id\":\"https:\\\/\\\/www.tradmotion.at\\\/tradneu\\\/#\\\/schema\\\/logo\\\/image\\\/\"}}]}<\/script>\n<!-- \/ Yoast SEO plugin. -->","yoast_head_json":{"title":"Hermann H\u00e4rtels \"Lustige Streiche II\" | Tradmotion","robots":{"index":"index","follow":"follow","max-snippet":"max-snippet:-1","max-image-preview":"max-image-preview:large","max-video-preview":"max-video-preview:-1"},"canonical":"https:\/\/www.tradmotion.at\/tradneu\/produkt\/hermann-haertels-lustige-streiche-ii\/","og_locale":"de_DE","og_type":"article","og_title":"Hermann H\u00e4rtels \"Lustige Streiche II\" | Tradmotion","og_description":"Tanzmusik f\u00fcr Streicherensemble Das ist Tanzmusik pur f\u00fcr das Streicherensemble (als Partitur und mit allen Einzelstimmen) die schon lange im Angebot gefehlt hat. Ein Repertoire f\u00fcr das lustvolle Musizieren in der Musikschule und in der Familie. Mit Heft 2 setzt der Autor die Reihe fort und eines ist sicher: F\u00fcr weiteren Nachschub ist gesorgt\u2026 In diesem Heft: Dem schwungvollen \u201eMariehre [&hellip;]","og_url":"https:\/\/www.tradmotion.at\/tradneu\/produkt\/hermann-haertels-lustige-streiche-ii\/","og_site_name":"Tradmotion","article_modified_time":"2023-10-25T08:19:42+00:00","og_image":[{"width":333,"height":480,"url":"https:\/\/www.tradmotion.at\/tradneu\/wp-content\/uploads\/01-Lustige-Streiche-2-U1-MINI.jpg","type":"image\/jpeg"}],"twitter_misc":{"Gesch\u00e4tzte Lesezeit":"1\u00a0Minute"},"schema":{"@context":"https:\/\/schema.org","@graph":[{"@type":"WebPage","@id":"https:\/\/www.tradmotion.at\/tradneu\/produkt\/hermann-haertels-lustige-streiche-ii\/","url":"https:\/\/www.tradmotion.at\/tradneu\/produkt\/hermann-haertels-lustige-streiche-ii\/","name":"Hermann H\u00e4rtels \"Lustige Streiche II\" | Tradmotion","isPartOf":{"@id":"https:\/\/www.tradmotion.at\/tradneu\/#website"},"primaryImageOfPage":{"@id":"https:\/\/www.tradmotion.at\/tradneu\/produkt\/hermann-haertels-lustige-streiche-ii\/#primaryimage"},"image":{"@id":"https:\/\/www.tradmotion.at\/tradneu\/produkt\/hermann-haertels-lustige-streiche-ii\/#primaryimage"},"thumbnailUrl":"https:\/\/www.tradmotion.at\/tradneu\/wp-content\/uploads\/01-Lustige-Streiche-2-U1-MINI.jpg","datePublished":"2016-09-06T06:25:53+00:00","dateModified":"2023-10-25T08:19:42+00:00","breadcrumb":{"@id":"https:\/\/www.tradmotion.at\/tradneu\/produkt\/hermann-haertels-lustige-streiche-ii\/#breadcrumb"},"inLanguage":"de","potentialAction":[{"@type":"ReadAction","target":["https:\/\/www.tradmotion.at\/tradneu\/produkt\/hermann-haertels-lustige-streiche-ii\/"]}]},{"@type":"ImageObject","inLanguage":"de","@id":"https:\/\/www.tradmotion.at\/tradneu\/produkt\/hermann-haertels-lustige-streiche-ii\/#primaryimage","url":"https:\/\/www.tradmotion.at\/tradneu\/wp-content\/uploads\/01-Lustige-Streiche-2-U1-MINI.jpg","contentUrl":"https:\/\/www.tradmotion.at\/tradneu\/wp-content\/uploads\/01-Lustige-Streiche-2-U1-MINI.jpg","width":"333","height":"480"},{"@type":"BreadcrumbList","@id":"https:\/\/www.tradmotion.at\/tradneu\/produkt\/hermann-haertels-lustige-streiche-ii\/#breadcrumb","itemListElement":[{"@type":"ListItem","position":1,"name":"Home","item":"https:\/\/www.tradmotion.at\/tradneu\/"},{"@type":"ListItem","position":2,"name":"Shop","item":"https:\/\/www.tradmotion.at\/tradneu\/shop\/"},{"@type":"ListItem","position":3,"name":"Hermann H\u00e4rtels &#8222;Lustige Streiche II&#8220;"}]},{"@type":"WebSite","@id":"https:\/\/www.tradmotion.at\/tradneu\/#website","url":"https:\/\/www.tradmotion.at\/tradneu\/","name":"Tradmotion","description":"Tradition &amp; Emotion","publisher":{"@id":"https:\/\/www.tradmotion.at\/tradneu\/#organization"},"potentialAction":[{"@type":"SearchAction","target":{"@type":"EntryPoint","urlTemplate":"https:\/\/www.tradmotion.at\/tradneu\/?s={search_term_string}"},"query-input":{"@type":"PropertyValueSpecification","valueRequired":true,"valueName":"search_term_string"}}],"inLanguage":"de"},{"@type":"Organization","@id":"https:\/\/www.tradmotion.at\/tradneu\/#organization","name":"Tradmotion","url":"https:\/\/www.tradmotion.at\/tradneu\/","logo":{"@type":"ImageObject","inLanguage":"de","@id":"https:\/\/www.tradmotion.at\/tradneu\/#\/schema\/logo\/image\/","url":"http:\/\/www.tradmotion.at\/tradneu\/wp-content\/uploads\/cropped-Logo_Tradmotion_red.png","contentUrl":"http:\/\/www.tradmotion.at\/tradneu\/wp-content\/uploads\/cropped-Logo_Tradmotion_red.png","width":512,"height":512,"caption":"Tradmotion"},"image":{"@id":"https:\/\/www.tradmotion.at\/tradneu\/#\/schema\/logo\/image\/"}}]}},"_links":{"self":[{"href":"https:\/\/www.tradmotion.at\/tradneu\/wp-json\/wp\/v2\/product\/6826","targetHints":{"allow":["GET"]}}],"collection":[{"href":"https:\/\/www.tradmotion.at\/tradneu\/wp-json\/wp\/v2\/product"}],"about":[{"href":"https:\/\/www.tradmotion.at\/tradneu\/wp-json\/wp\/v2\/types\/product"}],"replies":[{"embeddable":true,"href":"https:\/\/www.tradmotion.at\/tradneu\/wp-json\/wp\/v2\/comments?post=6826"}],"wp:featuredmedia":[{"embeddable":true,"href":"https:\/\/www.tradmotion.at\/tradneu\/wp-json\/wp\/v2\/media\/6834"}],"wp:attachment":[{"href":"https:\/\/www.tradmotion.at\/tradneu\/wp-json\/wp\/v2\/media?parent=6826"}],"wp:term":[{"taxonomy":"product_brand","embeddable":true,"href":"https:\/\/www.tradmotion.at\/tradneu\/wp-json\/wp\/v2\/product_brand?post=6826"},{"taxonomy":"product_cat","embeddable":true,"href":"https:\/\/www.tradmotion.at\/tradneu\/wp-json\/wp\/v2\/product_cat?post=6826"},{"taxonomy":"product_tag","embeddable":true,"href":"https:\/\/www.tradmotion.at\/tradneu\/wp-json\/wp\/v2\/product_tag?post=6826"}],"curies":[{"name":"wp","href":"https:\/\/api.w.org\/{rel}","templated":true}]}}